
86
42 + (-25 - (-14 - 11 - -13) - -19)
48
What is the value of 53 + -57 + (-6 - 32)?
-42
-64 + 5 + 3 + 1 - (-15 - -2 - -6)
-48
What is 20 - (66 - 56 - (-39 - 1))?
-30
What is the value of 81 + -61 + -108 - -18?
-70
-37 - (-3 + 1 + -10 + 24 + (-20 - -8))
-37
-93 + -24 - (-302 - -315)
-130
17 - (-9 + 102) - -32
-44
What is 2 + 70 - ((64 + -43 - -10) + -16)?
57
0 + 39 - (3 + 12 + -229 + 224)
29
Calculate (92 - 2) + (-779 - -748).
59
What is 162 - ((-26 - -98) + -36 + -9 + -6)?
141
What is (-4 - -47 - -4) + 1583 + -1736?
-106
Evaluate 4 + 9 + -27 - -44 - 36.
-6
-9 - ((20 - -16) + -106) - (1 - -17)
43
What is 57 + -41 + -70 - -15?
-39
-67 - -137 - 106 - 44
-80
What is the value of 5 + 21 - (6 - ((-4 - -18) + -16))?
18
Evaluate (9 - -1) + 21 + -5 + -21 + -13 - 41.
-49
-39 - ((-24 - -8) + 12 - -2)
-37
Evaluate -38 + ((25 - 22) + -9 + 25 - 29).
-48
Calculate (-36 - -2) + (8 - (19 + -16 + 11)).
-40
-28 - (125 - 202 - -25)
24
Calculate -13 - -21 - (-7 - (-3 - -3)) - 91.
-76
Calculate -7 - (-24 - (57 + 14 + -32)).
56
Calculate (-269 - -125 - -144) + (2 - (-2 + 2) - 55).
-53
Calculate -2 + 11 - (1 - (17 - (1 + -6)) - -13).
17
Calculate -82 - ((97 - 52) + -83).
-44
Evaluate -67 - -78 - (1 - (-4 - -9 - -1)).
16
Evaluate 2171 + -2209 - (0 + -46).
8
What is the value of -44 - -1 - (7 + 1 - -17 - 27)?
-41
What is (-7 - -1 - (-1 + -5)) + 147 + -140?
7
Evaluate -1 + -2 - (0 - 11) - (-58 + 241 + -84).
-91
Evaluate -12 + (-4 - (-17 + 63)) + -11 + -12.
-85
What is the value of -9 + (15 - -1) + 14 + 26 + 13?
60
(67 - (2 + -1)) + (-10 - -231 - 232)
55
(-11 - (19 + 1)) + (-15 - -4)
-42
(-42 - (-63 - (8 - 35))) + 36
30
What is -7 - 11 - (-10 - (0 - (0 + -4) - 4))?
-8
What is the value of -69 - (105 + -103) - (-2 - 12)?
-57
What is -21 - (-15 + 55 + -38)?
-23
1669 + -1666 - (-3 - (-64 + -2) - 3)
-57
Calculate -1792 - -1807 - (42 - 0).
-27
What is the value of -2 + 3 - (85 - (28 - -21) - (-1 + 6))?
-30
Evaluate 55940 - 55954 - (14 + -2 + -1).
-25
What is the value of (-52 - -23 - -79) + -103 + 11 + (1 - 0)?
-41
Evaluate (-58 - -3) + (4 - 0 - (13 - 6)) + -6.
-64
-465 + 573 - (28 + -30)
110
Evaluate 94 - (6 - -47) - 44.
-3
-16 + (-23 - -59) + -106
-86
Calculate 2 + -2 + 100 - (40 - ((-90 - -46) + 79)).
95
-134 + 102 + (-12 + 4 - (2 - (7 + 0)))
-35
-19 + 36 + 58 + -64
11
-3 - (12 - -10 - -16) - (-7 + 3)
-37
Calculate (75 - (-18 + -13)) + 6 + (7 - (2 + 1)).
116
Evaluate 1 + 93 + -1 - (44 + -8 + -24 - 4).
85
Evaluate (3 - 14) + 0 + -53 + -2 + (143 - 140).
-63
What is the value of ((7 - 16) + 16 + -10 - -5) + -14?
-12
Calculate -3 - 0 - (57 + -82).
22
What is (-36 - (-2 - 0)) + (93 - (-126 + 223))?
-38
Evaluate -58 + 6 + 58 + 38 + 1.
45
Calculate (-3 - -2) + 5 + 0 - (38 - 42).
8
What is -31 + -2 + (-21 - -13) + 21 - -139?
119
1 + 2 + (0 + 2 - (19 + 33))
-47
What is -74 + 34 + -36 + 33?
-43
What is the value of 66 + 46 + (-1 - -12 - (-8 + 27 - 6))?
110
Evaluate 2 + -27 - (49 + -74 - -51).
-51
8 + (46 - 6) - (19 + 7 + -6)
28
What is 1 - -11 - (-9 + -84 - -46) - 17?
42
What is 7 - -1 - (10449 + -10449)?
8
What is 45 + -63 + 38 + 3 + 2?
25
What is the value of (-2 - -130) + (-5822 - -5738)?
44
What is -9 + 3 + 22 + 74?
90
Calculate -100 + (0 - -2) + (7759 - 7732).
-71
What is the value of 0 + (-28 - -8) + (-6 - -29 - 35)?
-32
What is (921 - 1033) + (0 - -40)?
-72
-8 - (124 - (-3 + -3) - (-18 + 3 + 8))
-145
What is -24 + (24 - (-28 - -66))?
-38
What is -44 + -37 + 55 + 88?
62
Evaluate 110 - (-10 - (21 - (17 + -2 - -37))).
89
What is 5 - 100 - (-163 - -91)?
-23
24 + -28 - (-3 + (-79 - -5)) - 7
66
(61 - 99) + -45 - -76
-7
What is the value of -27 - ((37 - (-34 - -120)) + 38)?
-16
What is the value of 9 - (-47 + 1 + 31)?
24
What is 91 + (-101 - (-6 + -61))?
57
What is the value of -112 + 120 - (1 - 10) - -28?
45
What is the value of 25 - (17 - 28 - -41 - -16)?
-21
Calculate -127 + 149 - (59 - -8 - -6).
-51
Evaluate 39 + 7 + -39 + (-2 - -1) + -89 + -21.
-104
Evaluate -740 + 765 + (-1 - 20).
4
Evaluate 94 + (-9 - 35) - 9.
41
What is the value of -47 - (3 + 8 + (13 - 17) + -8)?
-46
Evaluate (-18 - -8) + (-2 - (7 - 6)) + 10 + -41.
-44
What is (-54 - (-100 + 44)) + (1 - 29)?
-26
What is (20 - 1) + -5 - (-127 - -80 - 24)?
85
What is 0 - (9 + -7) - 19 - -18 - (1 + 16)?
-20
(12 - -38 - -7) + (0 - 13) - (-1 + -8)
53
(-543 - -561) + -1 + 4 + -21
0
-47 - -10 - (32 - 96 - -56)
-29
What is -24 - -5 - (-17 + 45 - 29)?
-18
11 - (-13 + -7) - (-2 - -11)
22
Evaluate (102 - 7) + (16 - (-22 - -72)).
61
Calculate -3090 - -2939 - (3 + (-2 - 0) - 4).
-148
Calculate (-89 + 39 - -108) + -40.
18
Calculate ((2 - 2) + -1 - 2) + (20396 - 20394).
-1
What is -4 + -1 + -4 + (-2 + 9 - -4)?
2
Calculate (28 + -12 - (62 - 5)) + -41.
-82
(5 - (-8 - -23) - 4) + 21
7
Calculate 11 + (1158 + -1188 - (-1 - 61)).
43
Calculate 11 - (-21 - (-140 - -20)).
-88
(3 - (-29 - (-21 + 5))) + (-5 - -5)
16
What is the value of -71 + (57 - (-45 - -78))?
-47
What is the value of 67 + (-36 + 35 - -23)?
89
What is the value of (-15 - 55) + (-21 + 8 - -29)?
-54
Evaluate 3 + -5 + (4 - 1 - -2) - (-5 - 35).
43
What is the value of 44 + -201 + 215 + 5 + (-6 - -6)?
63
Calculate 87 + -50 + -8 + -71.
-42
Calculate -20 - ((-23 - -6) + 17 + (-10 - -4)) - -90.
76
What is 7 + -3 + 4 - (8 + 14 + -7 + 34)?
-41
What is 10 - ((5 - -13) + (3 - 7))?
-4
Evaluate -12 + (-21 - 0 - (8 + (1 - (-17 + 35)))).
-24
-77 + 32 + -41 + 90
4
Calculate 107 - (-2 - (8 - 58)).
59
What is the value of (-77 - -101) + (1 + -2 - (-100 - -91))?
32
What is the value of -3739 + 3699 + 96 + 0?
56
Evaluate -136 + 120 - (-10 + 4).
-10
Calculate -8 + 18 + -23 + 33 + -5.
15
What is 12 - ((-66 - -17) + -56)?
117
Calculate -56 + (0 - -24) + 93.
61
Evaluate -31 - (-5 - ((-28 - -24) + 30)).
0
Calculate (1 - 18) + (524 - 555) + -4 + (2 - -1).
-49
2 + -3 + (-60 + 143 - 87 - (-1 - -3))
-7
-62 - (10 + -122 + -6)
56
27 + -18 + -30 + 28
7
What is the value of 20 + (7 + 1 + -9 - 2) - (-8 - -6)?
19
What is the value of -16 - -12 - (1 - -4) - (-4 - -11)?
-16
22 + -1 - (-89 + (30 - -67))
13
-2 + (16 - 14) + (0 - (-5 - 6)) - -50
61
Evaluate 13 + (7 - (-13 - (-12 + 13) - -36)).
-2
What is (-34 - (-16 - 121)) + -25?
78
68 + (2 - ((13 - 33) + 13)) + (1 - 8)
70
Evaluate 144 - (-148 + 254 - -5).
33
(-29 - (-82 + 36)) + -33
-16
48 + -34 - (3 - -5 - 1 - (9 - 10))
6
Calculate 147 + (-286 - -74) + 56.
-9
Calculate -5 + -57 + (-2 - -5) - (26 + (34 - 68)).
-51
1 - 5 - (35 + -38) - (-6 - -41 - 21)
-15
(25 + 0 - 6) + (-102 - (-220 + 92))
45
Evaluate 14 - (-3 + -1 + (5 - (-7 + -1))).
5
Calculate (11 + -12 - -16) + 0 + (20 - (-11 - -18)).
28
Evaluate -36 + 0 + -1 + 12 + (-67 - (-44 - 21)).
-27
8 - 13 - (-3 - -3) - 4 - (-11 + 65)
-63
(-141 + 69 - -62) + (-85 + 4 - -4)
-87
-1 - (-2 + 20 + 3 + -56 + (-1 - -13))
22
What is the value of (20 - 36) + -34 - (-25 + -21 + 40)?
-44
Calculate (3 + -9 + 9 - 8) + -8 - (27 + 21).
-61
What is -2 + -11 - 0 - ((-10 - -7) + 34 + -34)?
-10
What is the value of -1 - 2 - (-2 + -25 + -6 + 40) - 11?
-21
Calculate 105 + -78 + 65 - (-1 - 16) - (3 - -2).
104
Calculate 100 - ((173 - 87) + 50).
-36
Calculate 68 + -41 + -69 + 67.
25
Evaluate 10 + (4 - 1) + 26 - 19.
20
Calculate 79 + (-203 - 52) + 102.
-74
(-17 + 5 + -10 - -21) + -20 + -51
-72
What is (255 - 114) + -109 + -56?
-24
What is the value of -17 - -36 - (84 + -29)?
-36
Evaluate (5 - -1) + 2 + (-17 + 19 - -39).
49
23 - (-90 - (-76 + 36))
73
18 + -4 + (8 - ((5 - -1) + -4))
20
Evaluate 24 + 9 + (-15 - 11) + (20 - 1).
26
Calculate (1 - 76) + 2 + (-40 + -8 + 18 - -34).
-69
Calculate 20 + -7 + (-149 - -53) + 23.
-60
What is (-10 + -4 - (-5 + -23)) + -79 + 1?
-64
What is the value of 29 + (-69 - (6 + -43))?
-3
What is the value of (0 - -43 - -4) + 2 - (-6 + -1 + 12)?
44
Evaluate (24 - 57 - -102) + -57.
12
Evaluate (-6 - 6) + -20 + 26 - 7.
-13
What is -69 - (32 - 16) - (26 - 18 - 17)?
-76
40 + (3 - 6) + (-2 - (-8 - -6))
37
Evaluate 25 - 6 - (108 - ((-1 - -10) + -26)).
-106
0 - 11 - (30 - (-34 + 99) - 66)
90
What is -8 - (-66 + 26 + 13 + -6)?
25
What is 81 + 68 + 6 + -64?
91
0 + (58 + 2 - (12 - 4)) + -10
42
(3 - 4 - -5) + (2 - -1) + (-2099 - -2088)
-4
-4 - (-8 + -3 + 9 - 23 - (0 + 0))
21
Evaluate (-1032 - -841) + (-3 - -96).
-98
What is the value of -680 + 651 - (-16 - -1) - (-2 - -8)?
-20
(27 - 23 - -10) + -21 + -4 + 12
1
Calculate 5 + (-61